Is 43016497 a multiple of 37?
False
Is 11116437 a multiple of 537?
True
Is 554191 a multiple of 91?
False
Is 10386 a multiple of 6?
True
Does 53 divide 1508993?
False
Is 43 a factor of 11504349?
True
Is 3 a factor of 1109758?
False
Is 11090813 a multiple of 23?
False
Is 116 a factor of 2978532?
True
Does 6 divide 203380?
False
Is 7 a factor of 2059035?
False
Is 740 a factor of 4016720?
True
Does 15 divide 1456660?
False
Is 23 a factor of 1568595?
False
Is 2168838 a multiple of 10?
False
Is 72 a factor of 5272795?
False
Is 33 a factor of 65736?
True
Is 105245 a multiple of 485?
True
Does 3 divide 2171504?
False
Is 1386047 a multiple of 16?
False
Is 7 a factor of 766204?
False
Does 12 divide 276252?
True
Does 3 divide 300949?
False
Is 1756217 a multiple of 505?
False
Is 300555 a multiple of 7?
False
Is 2778864 a multiple of 264?
True
Does 225 divide 622499?
False
Is 100 a factor of 15448370?
False
Is 34 a factor of 120564?
True
Is 1617288 a multiple of 24?
True
Does 40 divide 152103?
False
Is 176579 a multiple of 95?
False
Is 4 a factor of 27372?
True
Is 66200 a multiple of 107?
False
Is 3402300 a multiple of 25?
True
Is 578 a factor of 1926474?
True
Is 73657 a multiple of 73?
True
Is 3803698 a multiple of 85?
False
Does 6 divide 2726622?
True
Is 258 a factor of 4441212?
True
Is 92160 a multiple of 60?
True
Is 34 a factor of 209072?
False
Is 4 a factor of 42139?
False
Does 120 divide 34349640?
True
Is 95 a factor of 363539?
False
Does 117 divide 108927?
True
Is 44 a factor of 5962?
False
Is 18 a factor of 225222?
False
Is 10 a factor of 18200760?
True
Is 44 a factor of 214280?
True
Is 6213870 a multiple of 29?
False
Is 2660658 a multiple of 8?
False
Is 21748 a multiple of 6?
False
Is 269 a factor of 417298?
False
Is 2 a factor of 255249?
False
Is 368 a factor of 387872?
True
Is 45 a factor of 5657?
False
Does 17 divide 228106?
True
Is 538560 a multiple of 816?
True
Is 7 a factor of 10685268?
False
Is 208816 a multiple of 38?
False
Is 19 a factor of 234492?
False
Is 4163840 a multiple of 256?
True
Is 23 a factor of 251181?
False
Is 10187226 a multiple of 126?
True
Is 1105224 a multiple of 75?
False
Does 42 divide 1253658?
True
Is 155 a factor of 1645635?
True
Is 5518368 a multiple of 54?
True
Is 36647 a multiple of 13?
True
Is 28 a factor of 5275?
False
Is 259 a factor of 461279?
True
Is 58 a factor of 1636122?
True
Does 56 divide 6160?
True
Is 3852 a multiple of 6?
True
Does 20 divide 39868844?
False
Is 12478180 a multiple of 13?
True
Does 164 divide 2291044?
False
Is 626 a factor of 1566878?
True
Is 3305826 a multiple of 58?
True
Is 4 a factor of 663179?
False
Is 50 a factor of 1942850?
True
Does 44 divide 469063?
False
Does 170 divide 80910?
False
Does 2 divide 27227?
False
Is 277 a factor of 220596?
False
Does 39 divide 191022?
True
Is 41403 a multiple of 111?
True
Is 631312 a multiple of 211?
True
Is 46567 a multiple of 17?
False
Is 549521 a multiple of 7?
True
Is 10 a factor of 1210065?
False
Is 137096 a multiple of 251?
False
Is 16 a factor of 484845?
False
Does 5 divide 8976?
False
Is 86 a factor of 1280368?
True
Is 23 a factor of 23483?
True
Does 10 divide 1297352?
False
Is 2795824 a multiple of 370?
False
Is 20 a factor of 512048?
False
Is 9 a factor of 3173067?
True
Does 265 divide 415273?
False
Is 43 a factor of 150784?
False
Is 508 a factor of 1162777?
False
Is 52 a factor of 549536?
True
Is 21 a factor of 2555469?
True
Is 77798 a multiple of 87?
False
Does 29 divide 1487664?
False
Is 19133125 a multiple of 275?
True
Does 3 divide 272199?
True
Is 2 a factor of 26244?
True
Is 132 a factor of 48820?
False
Is 426 a factor of 13497128?
False
Is 340 a factor of 1605159?
False
Does 39 divide 4754430?
False
Is 11828628 a multiple of 9?
True
Is 154 a factor of 1701598?
False
Is 151 a factor of 969640?
False
Does 15 divide 204615?
True
Is 1946007 a multiple of 119?
True
Does 608 divide 4524796?
False
Does 118 divide 44368?
True
Is 71478 a multiple of 19?
True
Is 2153869 a multiple of 21?
False
Does 190 divide 8920041?
False
Is 10 a factor of 484496?
False
Is 23 a factor of 5097168?
True
Does 42 divide 1621620?
True
Does 247 divide 1040611?
True
Is 93849 a multiple of 31?
False
Is 60 a factor of 121223?
False
Does 2 divide 38016?
True
Does 7 divide 22252?
False
Does 121 divide 291962?
False
Does 89 divide 410652?
False
Is 52 a factor of 809744?
True
Does 6 divide 171511?
False
Is 97322 a multiple of 3?
False
Does 1123 divide 3448733?
True
Is 183600 a multiple of 300?
True
Is 447603 a multiple of 48?
False
Is 611480 a multiple of 62?
False
Is 1075005 a multiple of 27?
True
Is 62 a factor of 598486?
True
Is 4715 even?
False
Is 14005 even?
False
Is 5214106 a multiple of 298?
True
Is 32 a factor of 106859?
False
Does 6 divide 19733?
False
Is 4442190 a multiple of 15?
True
Is 48 a factor of 458248?
False
Is 158 a factor of 58371?
False
Is 3917133 a multiple of 1331?
True
Does 123 divide 165865?
False
Is 174720 a multiple of 42?
True
Is 11725558 a multiple of 226?
True
Does 16 divide 6179172?
False
Is 139284 a multiple of 53?
True
Is 604529 a multiple of 4?
False
Is 114 a factor of 30226?
False
Does 27 divide 14331087?
True
Does 392 divide 4056564?
False
Is 39 a factor of 433602?
True
Is 140 a factor of 1477840?
True
Is 11 a factor of 16298?
False
Is 214 a factor of 131610?
True
Does 270 divide 50760?
True
Does 73 divide 485257?
False
Is 5158926 a multiple of 58?
True
Does 31 divide 63419?
False
Does 102 divide 874525?
False
Is 17 a factor of 547813?
False
Is 2127790 a multiple of 113?
True
Is 1011 a factor of 8178990?
True
Is 186 a factor of 3847389?
False
Is 95 a factor of 1575276?
False
Is 144400 a multiple of 8?
True
Is 150 a factor of 413550?
True
Does 21 divide 389696?
False
Is 890039 a multiple of 11?
False
Is 224683 a multiple of 24?
False
Is 3809387 a multiple of 1737?
False
Is 93 a factor of 53940?
True
Does 196 divide 166404?
True
Is 214771 even?
False
Does 18 divide 711061?
False
Does 40 divide 86478?
False
Is 10 a factor of 2608847?
False
Does 45 divide 2170661?
False
Is 337 a factor of 3325853?
True
Does 69 divide 276396?
False
Does 1356 divide 6146748?
True
Does 638 divide 3158738?
True
Is 759324 a multiple of 79?
False
Is 246692 a multiple of 17?
False
Does 116 divide 1136029?
False
Does 180 divide 762120?
True
Is 2481 even?
False
Does 639 divide 698695?
False
Is 7359300 a multiple of 36?
True
Is 110 a factor of 352220?
True
Is 1467591 a multiple of 17?
False
Is 373143 a multiple of 132?
False
Does 92 divide 352820?
True
Is 773651 a multiple of 2?
False
Is 173802 a multiple of 518?
False
Does 16 divide 441632?
True
Is 200024 a multiple of 22?
True
Does 197 divide 549125?
False
Is 2951880 a multiple of 136?
True
Is 3 a factor of 2288340?
True
Is 89912 a multiple of 8?
True
Is 66136 a multiple of 56?
True
Does 271 divide 50135?
True
Does 16 divide 1168335?
False
Is 165 a factor of 658185?
True
Is 1580724 a multiple of 18?
True
Is 1460424 a multiple of 25?
False
Is 9161074 a multiple of 13?
True
Does 409 divide 60941?
True
Is 708037 a multiple of 8?
False
Does 4 divide 3897?
False
Is 9555 a multiple of 5?
True
Does 910 divide 8799700?
True
Is 16380 a multiple of 9?
True
Does 5 divide 270785?
True
Is 94 a factor of 557070?
False
Is 714663 a multiple of 9?
True
Is 621160 a multiple of 293?
True
Is 142987 a multiple of 267?
False
Is 2701873 a multiple of 37?
False
Does 54 divide 645707?
False
Is 226 a factor of 84175?
False
Does 4 divide 1437338?
False
Does 19 divide 7048848?
True
Is 2788158 a multiple of 762?
True
Does 8 divide 2486400?
True
Is 1825936 a multiple of 784?
True
Is 740 a factor of 337440?
True
Does 30 divide 627401?
False
Does 14 divide 116531?
False
Is 32 a factor of 42176?
True
Does 202 divide 91506?
True
Does 8 divide 7433060?
False
Does 43 divide 2983684?
True
Is 234 a factor of 2745054?
True
Is 145123 a multiple of 18?
False
Does 61 divide 2451422?
False
Does 627 divide 362406?
True
Is 1261216 a multiple of 176?
True
Is 17 a factor of 20404?
False
Is 319 a factor of 314853?
True
Does 1790 divide 20094540?
True
Is 184039 a multiple of 30?
False
Is 21014560 a multiple of 812?
True
Is 209250 a multiple of 250?
True
Is 48 a factor of 490147?
False
Is 64 a factor of 2001472?
True
Is 134416 a multiple of 248?
True
Is 108